e greatest common factor of 14 and d?
14
Let a be (0 - -2351) + 4 + 11 + -14. Calculate the greatest common factor of a and 6.
6
Let z(f) = -2*f**2 + 41*f + 285. Let y be z(-5). Calculate the highest common factor of 850 and y.
10
Let y(v) be the second derivative of 35*v**3/6 + 2*v**2 - 5*v - 7. Let j be y(1). What is the greatest common divisor of j and 416?
13
Let h(a) = -188*a**2 - 6041*a - 324. Let r be h(-32). Let m = 289 + -153. What is the highest common factor of r and m?
68
Suppose 3*d + 40 = 184. Suppose -3*u - 4*k + d = 0, u = 2*k - 4*k + 18. What is the highest common divisor of 4 and u?
4
Let i(q) = -q**3 + 94*q**2 - 760*q - 19. Let l be i(9). What is the greatest common factor of 10361 and l?
13
Let z(w) = 33*w - 60. Let a(o) = 166*o - 298. Let q(g) = -2*a(g) + 11*z(g). Let y be q(4). Calculate the greatest common factor of y and 120.
60
Let d = -2388 - -2444. What is the greatest common factor of 112 and d?
56
Let t(y) = -152*y - 509. Let x be t(-9). Calculate the highest common factor of 1 and x.
1
Let b be (176/(-32))/(2/(-4)). Suppose -m + 35 = b. What is the greatest common factor of 42 and m?
6
Suppose -12*v - 140 = -16*v. Let c be (v/25 - 1)*(-2 + 12). Suppose 2*r = -c*u + 78, -2*r - u = -66 - 6. What is the highest common divisor of r and 14?
7
Let j(u) = -7*u + 102. Let s be j(12). Let m(r) = 27*r + 108. Let v be m(s). Calculate the highest common factor of 18 and v.
18
Let r = 5450 - 5378. What is the highest common factor of r and 876?
12
Suppose -51*m = -72851 + 21596. Let z = 1773 - m. Calculate the greatest common factor of z and 12.
12
Let l = 161 - -1099. Suppose -735*h + 1281*h - 669*h + 1476 = 0. What is the greatest common divisor of h and l?
12
Let f = -9948 + 10788. Calculate the greatest common factor of 3696 and f.
168
Suppose -30 = -0*p - 5*p. Let k be 76/12 + (-2)/p. Let f(x) = x**2 - x + 12. Let z be f(0). What is the greatest common factor of k and z?
6
Let d = 2080 - -12506. Let y be (-4)/10 + d/165. Calculate the greatest common divisor of 22 and y.
22
Let i(w) = 87*w**2 - 158*w - 1307. Let y be i(-8). Calculate the greatest common factor of y and 52.
13
Suppose -a - 2*z - 18 + 30 = 0, 0 = -4*a - 2*z + 48. Suppose 4*v - 132 = a. Calculate the highest common factor of 28 and v.
4
Suppose -5*q - w = -2*q - 559, -553 = -3*q + 5*w. Suppose x - 202 = -q. Calculate the highest common factor of 136 and x.
8
Let v be -337*(-3)/9 - 3/9. Suppose -5*n = -4*f + 6*f - 70, n - 36 = 4*f. Let g = 30 - n. Calculate the greatest common factor of v and g.
14
Let s(k) = -11*k**3 + 9*k**2 + 18*k + 16. Let c be s(-7). Calculate the highest common factor of 108 and c.
108
Let y(l) = -l**2 - 6*l + 13. Let m be y(-7). Let r be m + (-1 - 2) - (4 - 67). Let i = r - 62. Calculate the highest common factor of i and 28.
4
Let h(n) = n**3 - 16*n**2 - 14*n - 36. Let u be h(17). Let x = 21 + u. Let w be 3/(-2 + 132/64). What is the greatest common divisor of x and w?
12
Suppose i - 5*p - 196 = -202, -5*p + 102 = 3*i. Calculate the highest common factor of i and 12468.
12
Let r = -5668 + 7524. Calculate the highest common divisor of 64 and r.
64
Let b = 4731 + -4467. Calculate the highest common factor of 99 and b.
33
Let t be 642/5 - ((-24)/15 - -2). Suppose -7*x - 9*x = -t. Calculate the greatest common divisor of 8 and x.
8
Suppose 380*n = 399*n - 684. Calculate the highest common divisor of 3222 and n.
18
Let q(n) = -135*n**3 - 14*n - 20. Let w be q(-2). Calculate the greatest common factor of 238 and w.
34
Let y be 6*2/(-5)*15. Let o be -9*(-2)/y*-4. Suppose -r = o*l - 111, 2*r - 4*l = -r + 303. What is the greatest common factor of 15 and r?
15
Let a be 4 + -5 + (24 - 2). Let d be (200/30)/(1/a). Suppose 5*w + 0*w = 100. What is the greatest common divisor of d and w?
20
Let z = 103 + -51. Let s = -2284 - -2286. Suppose 4*d - 48 = -s*k, -k + z + 8 = 5*d. What is the highest common factor of 156 and d?
12
Let f = 18150 + -18128. Suppose b + 117 = 4*w - 17, 171 = 5*w - 3*b. What is the highest common divisor of w and f?
11
Suppose 0 = -10*g - 57 + 207. Suppose m = 3*s - 9, -m = 5*s - 5 - 18. Let y be g*s*(-1)/(-3). Calculate the greatest common divisor of y and 10.
10
Let i(d) = d**2 + 8*d - 6. Suppose -7*h + 5*h = 16. Let u be i(h). Let c = 54 - u. What is the highest common divisor of 40 and c?
20
Let g(d) = d + 70. Let h be g(0). Let l be (-3136)/42*12/(-16). Calculate the highest common factor of l and h.
14
Let y be (-13 + -98)*-1 - -6*1. What is the highest common factor of 1089 and y?
9
Let w = -92 - -82. Let h be (-7 - w)*((-4)/(-1))/(-2). Let f = h + 15. Calculate the greatest common factor of 63 and f.
9
Suppose -21 = 13*l - 20*l. Suppose -g = -3*k - 7, 5*k + 25 = -4*g + 2. Let i be (153 - -9) + l/k. What is the highest common factor of 23 and i?
23
Suppose -400*n + 54935 = -7465. Let x = 24 - 12. What is the highest common divisor of x and n?
12
Suppose 12 = 5*o - 83. Suppose 3*a = -3, -x + 7 = -5*a - 1. Suppose x*j - 5*j + 3*v + 126 = 0, -4*v - 130 = -2*j. What is the greatest common factor of j and o?
19
Let f be -10*(3 + 2)*2/(-25). Suppose -7*r = -10*r + 5*c + 16, -4*r - f*c + 32 = 0. Calculate the highest common divisor of 77 and r.
7
Suppose 4*k - 177 = 5*b, 2*k - 15*b = -18*b + 105. Calculate the highest common divisor of 792 and k.
24
Suppose a = -437*p + 433*p + 308, 2*p - 3*a = 154. Calculate the highest common factor of p and 238.
7
Suppose 0*y = -3*y + 3, -5*w + y - 41 = 0. Let k be 3/((9/w)/((-63)/12)). What is the highest common factor of k and 2?
2
Suppose 5*z + 2*c - 306 = -c, -2*z + 92 = 5*c. Calculate the greatest common divisor of 180 and z.
6
Let y be 6/(-10) + 119/(-85). Let r be -10*(-2 + 4)*y/4. Calculate the greatest common factor of r and 36.
2
Let t be 299/13*1*3. Suppose 2*f + 3*f = 690. Suppose o = 4*o - f. Calculate the greatest common factor of o and t.
23
Suppose -4*b = 3*g + 285, g + 9*b = 5*b - 87. Let a be 22/g + 50*16/36. What is the greatest common factor of 242 and a?
22
Let m(v) = 5*v - 55. Let i be m(29). Suppose 182*z - 188*z + i = 0. Let o = 57 - 12. Calculate the highest common divisor of o and z.
15
Suppose -y - j + 28 = 4*y, -4*j - 13 = -5*y. Suppose 499 = 5*u - 201. Suppose -u = -5*r - y*r. What is the highest common factor of r and 56?
14
Suppose 0 = 4*x - 90 - 394. Let z = x + -97. Suppose -g + 1 = -2. Calculate the greatest common divisor of z and g.
3
Let o be (9/(-27))/(1/(-15)). Suppose -g = o*x - 897 - 152, 2*x - 426 = -2*g. Calculate the greatest common divisor of x and 19.
19
Let t be -7 - 756/(-135) - (317/(-5) + 2). Calculate the highest common divisor of 204 and t.
12
Suppose -5*c - 16 = -341. Let m(h) = h**3 + 6*h**2 - 20*h + 11. Let i be m(4). What is the greatest common factor of i and c?
13
Let h = -9887 + 11207. What is the greatest common factor of h and 120?
120
Suppose 4*b - 10*b = -12. Suppose 7*a + 206 = 4*q + b*a, 260 = 5*q - 5*a. What is the greatest common factor of q and 18?
18
Suppose 869 - 857 = 12*f. Calculate the greatest common divisor of f and 169.
1
Let y(r) = -r**3 + 37*r**2 - 66*r - 76. Let d be y(35). Suppose 140*i - 136*i = 8. What is the highest common factor of d and i?
2
Suppose 5*q = -85*o + 81*o + 1121, 0 = -2*o - 5*q + 563. What is the greatest common factor of o and 651?
93
Let i(l) = 40*l + 106. Let r be i(8). Suppose 0*a - 420 = -3*a - 4*k, -2*k + r = 3*a. Calculate the greatest common factor of a and 16.
16
Let p be (6/(-4))/(((-3)/6)/1). Let f be 1/(-6) + 1795/(-30) - p. Let w = f - -83. What is the highest common divisor of w and 180?
20
Let b(o) be the first derivative of 2*o**3/3 - 11*o**2 - 222*o + 48. Let m be b(-7). Calculate the highest common factor of m and 510.
30
Let u = -493 + 497. Suppose -11 - 9 = -3*y - 5*c, 0 = 2*y - 4*c - 28. What is the greatest common factor of y and u?
2
Suppose 21*t - 28986 = 472431 - 25431. Calculate the greatest common divisor of t and 14.
14
Let w(a) = a**3 + 3*a**2 - 7*a + 84. Let y be w(0). Calculate the highest common divisor of y and 77.
7
Let a(n) = -n**3 + 16*n**2 + 8*n - 23. Let p be a(15). Let g = p + -240. Calculate the highest common divisor of g and 2.
2
Suppose u - 305 = -4*u. Let y be ((-8235)/(-81))/((-4)/(-12)). What is the greatest common divisor of u and y?
61
Let k